= 4087 - 3996. What is the remainder when x is divided by 72?
19
Let m = 1762 + 983. What is the remainder when m is divided by 67?
65
Let z = -366 - -277. Let c = 440 + z. What is the remainder when c is divided by 72?
63
Let v(x) = 166*x**3 - 2*x**2 - 2*x + 3. What is the remainder when 221 is divided by v(1)?
56
Calculate the remainder when 61 is divided by (-33)/6*(-5 + -1 + 32 + -28).
6
Suppose -w - w + s = -12, 3*s + 24 = 4*w. Suppose 0 = 5*r + 5*c - 150, -5*c = 7*r - 12*r + 120. Calculate the remainder when r is divided by w.
3
Let p(v) = 64*v - 2*v + 10*v. Let q be p(-3). Let r = -139 - q. Calculate the remainder when r is divided by 39.
38
Suppose -2*g - 9*g + 363 = 0. Suppose 2*b - 3*h - 35 = 0, -3*b - h + 26 = -21. What is the remainder when g is divided by b?
1
Let b = 16 + -12. Let l be 1/(-2) + (-50)/b. Let a = 25 + l. Calculate the remainder when a is divided by 5.
2
Suppose 3*o + 70*o + 19*o = 19412. Calculate the remainder when 1879 is divided by o.
191
Let d be ((-4)/(-5))/(90/(-25) + 4). Suppose -3*u - 228 = -3*r, d*r - 63 = -3*u + 104. What is the remainder when r is divided by 26?
1
Let f(h) = -h**3 - 5*h**2 - 3*h + 15. Let w(i) = -i. Let y(n) = -f(n) + 6*w(n). Calculate the remainder when 39 is divided by y(-4).
0
Let t(f) = -9*f + 11. Let c = -123 - -122. Let r(m) = -m**2 + m + 1. Let u(y) = c*t(y) - r(y). Calculate the remainder when u(13) is divided by 44.
41
Let p = 209 + -266. Let q = p - -103. Calculate the remainder when 90 is divided by q.
44
What is the remainder when 167 is divided by 0 + 48 + (-3 + -12)/(-3)?
8
Suppose -p = 2*p - 51. Let c = p + -6. Let s(i) = -5*i**2 + 33*i + 294. What is the remainder when s(11) is divided by c?
8
Let h(p) = 7*p**2 + 5*p + 1. Let u be h(-1). Suppose 9*i - 3996 = u*i. Calculate the remainder when i is divided by 23.
22
What is the remainder when 300/70*((-4200)/18)/(-5) is divided by 102?
98
Let l = 198 - 198. Suppose l = 3*z - 16*t + 15*t - 115, 2*z - 60 = 4*t. Calculate the remainder when 42 is divided by z.
2
Let n = 37 - 0. Suppose -h + 5*h + 148 = -v, -2*h = -4*v - 682. Calculate the remainder when n is divided by 0 - -1 - v/(-12)*-1.
7
Let g(c) = 2*c**3 + 7*c - 3. Let y(r) = 2*r**3 + 6*r - 3. Let q = -19 - -23. Let z(p) = q*y(p) - 3*g(p). Calculate the remainder when 94 is divided by z(2).
18
Let m(r) = -r**3 - 9*r**2 + 32*r + 24. Let b be m(-12). Let q = -18 + 53. What is the remainder when q is divided by (-1)/(3*2*(-2)/b)?
5
Let n = 442 + -441. Let s(y) = 209*y**3 + y**2 + 21*y - 22. Calculate the remainder when s(n) is divided by 10.
9
Let w be -4 + 3 - (-108 - -1). Suppose 13*h = 50 + w. Suppose 5*y + 2*d = 89, -4*d + 14 = 2*y - h. What is the remainder when 54 is divided by y?
16
What is the remainder when ((-135)/(-90))/(2/1772) is divided by 38?
37
Suppose -190*j - 7140 + 38092 = 22*j. Calculate the remainder when 404 is divided by j.
112
Let s(k) = 19*k**2 + 45*k + 13. What is the remainder when 1517 is divided by s(-3)?
47
Let p(l) = -3*l - 61. Let n be p(-25). Suppose n*z = 1328 + 2494. Calculate the remainder when z is divided by 25.
23
Let x(j) = -j**2 + 9*j + 112. Calculate the remainder when x(0) is divided by 46.
20
Suppose 208*t - 253 = 207*t. Let g = t + -240. What is the remainder when 34 is divided by g?
8
Calculate the remainder when 4938 is divided by (244/6)/((-16)/(-24)).
58
Suppose -12*m - 91 - 1157 = 0. Let r = -59 - m. Calculate the remainder when 221/1 - -2 - 0 is divided by r.
43
Let o(y) = -5*y**2 - 62*y - 121. Calculate the remainder when 175 is divided by o(-9).
15
Suppose 0 = 4*i - 38 - 198. Suppose 20*f + 13 = 213. What is the remainder when i is divided by f?
9
Let a be ((-80)/70)/(24/33684). Let g = a + 1762. Let n(v) = 15*v + 2. Calculate the remainder when g is divided by n(2).
30
Suppose 462 = -33*g - 31*g + 85*g. Calculate the remainder when 197 is divided by g.
21
Suppose -9*g = 84*g - 6324. Let s = 352 + -305. What is the remainder when g is divided by s?
21
Suppose -6 = -3*d - 3. Let s(j) = 13*j + 32. What is the remainder when (d - 0) + (-1)/(3/(-762)) is divided by s(0)?
31
Let z(i) = i**2 + 3*i - 27. Suppose 4*t = o - 5*o - 24, 4*t = o + 21. Calculate the remainder when 69 is divided by z(o).
15
Suppose 4*b - 1164 = 4*c, -39*b - 5*c + 841 = -36*b. Calculate the remainder when b is divided by 9.
8
Let d be (-3*4)/(0 - (3 - 1)). Suppose d = 2*s, 3*s - 174 = -2*y - 29. What is the remainder when y is divided by (38 - 0/1)/2?
11
Let m = 8547 + -8424. What is the remainder when m is divided by 84?
39
Let h(w) = -60*w**3 + 2*w**2 - 193*w - 194. Calculate the remainder when 548 + -2 + 1 + 0 is divided by h(-1).
59
Let c(z) = 206*z - 4. Let v be c(1). Let q = 219 - v. What is the remainder when 48 is divided by q?
14
Let u = -68 + 95. Let x = u - -46. What is the remainder when x is divided by 31?
11
Let x(l) = 12*l - 13. Let c be x(3). Suppose 0 = u + 4*g - c, -4*g - 27 + 7 = 0. Suppose -3*n + 23 + 10 = 0. Calculate the remainder when u is divided by n.
10
Calculate the remainder when 322 is divided by (-53 - -60) + (58 - -1).
58
Let o = -4215 + 4297. What is the remainder when 899 is divided by o?
79
Let k = -36 - -36. Let p be k/1 - (4 - 10). Suppose 3*l = -5*o + 57, -2*l + o = -p*l + 93. Calculate the remainder when l is divided by 9.
6
Suppose -3*n = -4*l + 329, -5847*l + 5846*l + n = -81. Calculate the remainder when 2220 is divided by l.
70
Let x = -4394 - -5330. What is the remainder when x is divided by 67?
65
Suppose 7 = -f + 10. Suppose 0 = 4*b - f*y - 123, 2*b + y + 31 = 3*b. Suppose q - 144 = -b. What is the remainder when q is divided by 29?
27
Let s(j) = -3*j - 40 - 49 + 136 - 41. Suppose -3*w + 5 = 4*z + 21, -5*w = -2*z - 8. Calculate the remainder when 15 is divided by s(w).
3
Suppose 2*p - 19*v + 14*v = 30, 5*p + 2*v - 17 = 0. Let h(b) = 8*b - 27. What is the remainder when 14 is divided by h(p)?
1
Let m(n) = 17*n - 8. Let a = 216 + -214. What is the remainder when 74 is divided by m(a)?
22
Let f = -312727 + 312836. Let q(g) = g**2 - 6*g. Let d be q(6). Suppose d = 2*j - 19 - 25. Calculate the remainder when f is divided by j.
21
Let i(n) = n**3 + 12*n**2 - 9*n - 243. What is the remainder when 66 is divided by i(-10)?
19
What is the remainder when 7*(15 - -1*2) is divided by -1 + -3 + (255/(-17) - -43)?
23
Let x = 28025 - 28009. What is the remainder when 507 is divided by x?
11
Suppose -8*y = -5*u - 4*y + 25, y = 0. What is the remainder when 85 is divided by (-2 - u/3)/(2/(-6))?
8
Let i(g) be the first derivative of 4*g**2 - 13*g - 7. Let d be i(3). Let m(a) = a**2 - 10*a. Calculate the remainder when m(d) is divided by 4.
3
Let j be 4832/(-28) + 12/(-28). Let w be (2/13 - j/(-26))*14. Let q = w - -99. What is the remainder when q is divided by 5?
3
Suppose 6*g - 5*g = -5*o + 75, 3*o + 3*g - 45 = 0. What is the remainder when 24 is divided by o?
9
Let o(k) = 26*k + 353. Let n be o(-11). Suppose -14*r = -n*r + 3074. What is the remainder when r is divided by 10?
8
Suppose 15 = 205*q - 204*q, 2*y - 1112 = -4*q. What is the remainder when y is divided by (-668)/(-14) + (-2)/(-7)?
46
Let n(j) = -j**3 + 2*j**2 + 773. Suppose -384*y = 3404 - 13004. Calculate the remainder when n(0) is divided by y.
23
Let a(p) = -104*p**2 - 1771*p - 33. What is the remainder when 30 is divided by a(-17)?
12
Let h = -728 - -732. Suppose h*y + 8 + 4 = 0, 4*c = 2*y + 374. What is the remainder when 735 is divided by c?
91
Calculate the remainder when (-106916)/(-6) - ((-22)/132)/(5/(-10)) is divided by 54.
53
Let x(m) = 7*m - 30. What is the remainder when (-1)/((-5)/(-1315)*-1) is divided by x(6)?
11
Let x = -8 + 20. Let u(t) = -3 - t**2 + 4 + x*t - 18. Calculate the remainder when 3 is divided by u(10).
0
Suppose 28 = b - p, 7*b - 11*b = -3*p - 116. What is the remainder when 1371 is divided by b?
27
Let a(t) = t - 9. Let g be a(8). Let s(o) = -4 - 15 + 23*o**2 + 3*o + 18. What is the remainder when s(g) is divided by 5?
4
Suppose 11*s = 62 + 5757. What is the remainder when s is divided by 37?
11
Suppose k + 0*o - o = 43, 2*k - 96 = 4*o. Suppose 3*x - 151 = -2*i, -2*x - 4*i - k = -152. What is the remainder when x is divided by (10/35)/(1/28)?
7
Suppose 19*u - 3906 = 5*u. Let h = u - 217. Calculate the remainder when 122 is divide